z - 0. Suppose z*g + 15 - 3 = 5*u, 0 = -2*u + 2*g. What is the units digit of u?
4
Let q(r) be the third derivative of -r**5/60 + 11*r**4/24 - 4*r**3/3 - 4*r**2. What is the tens digit of q(7)?
2
Let m(o) = 10*o + 5. Let b be m(6). Suppose -12 = -4*c, 5*d - 184 = -3*c + b. Suppose -5*p + 2*p = -d. What is the units digit of p?
6
Let h(u) = -11*u**2 + 2*u. Let n be h(-2). Let g = n - -68. What is the units digit of g?
0
Let l(v) = v**2 + 10*v - 12. Let a be l(-12). Suppose 0 = 2*s - a - 26. What is the tens digit of s?
1
Let w be 10/15 + 32/(-3). What is the units digit of (8/w)/((-6)/180)?
4
What is the units digit of (0 - -1) + 3 + 4?
8
Let v = 146 + -44. What is the tens digit of v?
0
Let c = 121 + 58. What is the tens digit of c?
7
Let m(c) = 3*c - 1 - 2*c - 2*c. Let i be m(-8). Suppose 0*z + 2*z - 14 = -f, 3*f + i = z. What is the units digit of z?
7
Let q = 23 + -57. Let d = q - -59. What is the units digit of d?
5
Let j = 178 - 64. What is the hundreds digit of j?
1
What is the tens digit of (25 - -3) + 9/3?
3
Let j = 480 + -296. What is the units digit of j?
4
Let z = -1 + 4. Suppose z*h + 2*h = 160. What is the units digit of h/18 - (-4)/18?
2
Let h(g) = 2*g**3 + g. Let z be h(1). Suppose 0 = -y - z*i - 8, -5*i = -3*y + 18. What is the units digit of y?
1
Let i(c) = 2*c**2 + 2*c + 1. What is the units digit of i(-3)?
3
Let m = 738 + -457. What is the hundreds digit of m?
2
Let q(i) = -7*i**2 + 7*i - 4. Let v(d) = d**3 + d**2 + d - 1. Let j(n) = -q(n) - v(n). Let r be j(5). What is the units digit of 66/15 - 6/r?
5
Let c be 23 - (2 + 16/(-4)). Suppose -5 = 2*p - 33. Let j = c - p. What is the units digit of j?
1
Let s(k) = 130*k - 8. What is the tens digit of s(2)?
5
Suppose -2*k + 9 - 1 = 0. Suppose 4*y - k = -0*y. What is the units digit of y?
1
Let o(t) = -t**3 + 5*t**2 + 2*t - 7. Let j be o(5). Suppose j*h = 5*h - 34. What is the units digit of h?
7
Let s = -31 - -136. What is the hundreds digit of s?
1
Let b = 11 - 6. Suppose 5*r - 5*i - 95 = 0, 2*i = b*r - 2*i - 92. What is the tens digit of r?
1
Suppose z + 9 = 2*h + 34, -90 = -4*z - 2*h. What is the tens digit of z?
2
Let x be (-4)/14 + 162/(-21). Let b be 66/24 + 6/x. Suppose -3*k + 5 = 4*w - b, -22 = -4*w + 2*k. What is the units digit of w?
4
Let k = 74 - 18. What is the tens digit of k?
5
Suppose u = 5*h + 3, 5*h + 4*u = u + 9. Let x = 7 - h. What is the units digit of x?
7
Let d = 1 + 1. Suppose -3 + d = -v. What is the units digit of 15/6*v*4?
0
Suppose -5*i - 20 = 3*n, 0*i = 3*n - 5*i - 20. Suppose -3*d + 24 + 72 = n. Suppose -d = -3*p + 4. What is the units digit of p?
2
Let r(y) = -y**2 - 12*y - 15. Let l be r(-10). Suppose -44 = 3*w - l*w. What is the tens digit of w?
2
Let p(u) = 2*u - 3*u - 5*u**3 + 6*u**3 + 8*u**2 - 4 - 4*u**2. What is the units digit of p(-3)?
8
Suppose 2*y = 3*t + 158, -3*t + t + 211 = 3*y. What is the tens digit of y?
7
Suppose 0 = -4*p + 26 - 2. What is the units digit of ((-8)/p)/(4/(-54))?
8
Let j = -28 + 65. What is the units digit of j?
7
Let t(r) = -2*r - 2. Let x be t(6). Let o = 18 + x. What is the units digit of o?
4
Let k(o) = o**2 + 6*o + 2. Let n be k(-4). Let m(f) = -f - 2. Let i be m(n). Let a = 6 - i. What is the units digit of a?
2
Let v(k) be the second derivative of 7*k**4/12 - k**3/2 + k**2/2 + 5*k. What is the tens digit of v(2)?
2
Let r(m) = -m**2 + 5*m + 8. Let s be r(6). Let b = 2 - s. Suppose b = 3*k - 0*k - 60. What is the tens digit of k?
2
Suppose 3*i + 5*r = -36, -i - 9 = r + 1. What is the tens digit of -1*i*3 - -3?
2
Let u(t) = t**3 - 3*t**2 + 3*t - 2. Let n be u(2). What is the units digit of 7 + -4 - (n + 0)?
3
Suppose -6 = -c - 2. Suppose -c*w = -2*k + 6, -k - 3*k + 24 = 4*w. What is the units digit of w?
1
Suppose 8 = 3*u - 2*u. Let j be u/((18/(-3))/(-3)). Let z = j + 7. What is the units digit of z?
1
Let a = -10 + 14. Suppose -3*w + 25 = g - 43, -4*w + 80 = a*g. Suppose 14 = 4*x - 0*z - 2*z, -x = 5*z + w. What is the units digit of x?
1
Suppose 0 = -4*b + 8*b - 64. What is the units digit of b?
6
Suppose 3*l - 228 - 348 = 0. What is the hundreds digit of l?
1
Suppose -3*x + 8 + 1 = 0. Let l be (-1)/(2*x/54). What is the units digit of 2*(-1)/1 - l?
7
Let z = -1 + 14. Let i = 18 - z. What is the units digit of i?
5
Suppose 2*s - 146 = -q, 3*q + 2*q + 2*s - 690 = 0. Suppose q + 28 = u. What is the units digit of (-6)/15 + u/10?
6
Let x = -15 - -8. What is the units digit of 21 + x + 2/(-1)?
2
Let v(b) = 5*b**3 - b**2 + 1. What is the units digit of v(1)?
5
Suppose 0 = -0*u + 5*u - 35. What is the units digit of u?
7
Suppose -4*c - 3 + 11 = 0. Suppose -c*t - l + 30 = -2*l, 5*t = -l + 68. What is the tens digit of t?
1
Suppose 39*o = 40*o - 340. What is the units digit of o?
0
Suppose 0*c = -2*c + 4. Suppose 92 = c*o + 4. What is the tens digit of o?
4
Let h be 3 + -1 - (1 - 1). Suppose -6 = -5*d + 14. Let i = d - h. What is the units digit of i?
2
Suppose c - 11 = -i, 4*i = 2*c + 25 + 7. Let p = i - 4. What is the units digit of p?
5
Let c = -10 + 14. Suppose 12 = c*y + z + 3*z, 5*y + z - 19 = 0. Suppose 4*u = y*s, 2*u - 5*s - 1 = -16. What is the units digit of u?
5
Suppose -4*u = 5 - 13. Suppose 18 = y - 4*b, -51 = -2*y + b + u*b. What is the units digit of y?
0
Let o be (-8)/(-2)*(-42)/(-56). Suppose -2*h + 81 = -o*r, -3*h + 5*h + r = 77. What is the tens digit of h?
3
Let d(x) = 2*x**2 - 9*x + 1. What is the tens digit of d(6)?
1
Let a = -91 + 237. What is the hundreds digit of a?
1
Let r(g) be the second derivative of g**3/3 - g**2 + 2*g. What is the units digit of r(6)?
0
Let s(t) = -t**3 - 9*t**2 - 9. Suppose -3*o = -j + 3, 5*j + 41 = -0*o + o. Let r be s(j). Let n = -7 - r. What is the units digit of n?
2
Suppose -3*m = 14 + 1. Let f(y) = 5*y + 5*y**2 + y**3 - 9*y - 8 + 1. What is the units digit of f(m)?
3
Let f(z) be the third derivative of -5/24*z**4 + 0*z - z**2 + 0 - 5/3*z**3 + 1/60*z**5. What is the units digit of f(7)?
4
Suppose -4 + 25 = f - 4*c, -5*f + 3*c = -37. Suppose 0 = -3*g - 0*t - f*t + 70, -4*g + 96 = 4*t. What is the units digit of g?
5
Let q be (-4 - 1)*(-4)/(-10). Let p be ((0 - q) + 1)/1. Suppose p*v + 0*v - 6 = 0. What is the units digit of v?
2
Suppose 4*j - 32 = 112. What is the tens digit of j?
3
Suppose -5*b + 92 = 2*h, 0*b + b + 230 = 5*h. What is the tens digit of h?
4
Let l(y) = -y + 19. What is the units digit of l(-11)?
0
Let d = -27 + 89. What is the tens digit of d?
6
Suppose 6*f = 3*f + 9. Suppose -14 = -f*u - 2. What is the units digit of u?
4
What is the tens digit of (-10)/45 - 326/(-9)?
3
Let v(t) = -t**3 + 7*t**2 - 5*t. Let r be v(6). Let x = -4 + r. Suppose -3*z = x*z + 2*j - 27, 4*z - 15 = 5*j. What is the units digit of z?
5
Let a(d) = -d**2 - d. Let i be a(-1). Suppose 2 + i = 2*k. What is the tens digit of ((-6)/3 + k)*-15?
1
Let p = 16 - 11. Let l(f) = -f**3 + 4*f**2 + 6*f - 1. Let i be l(p). Suppose -i*u + 4*w = -u - 4, 0 = -u + 5*w - 6. What is the units digit of u?
4
Suppose -4*o = -12, -3*u + 3*o = 2*u - 11. Let k be (-5)/u*5*-8. Suppose -k = -2*i - 3*i. What is the units digit of i?
0
Suppose 0 = -b - 3, -4*m - 4*b - 24 + 452 = 0. What is the tens digit of m?
1
Let h(q) = q + 2. Suppose 26 = 4*y - 5*k, y - k = 6*y - 18. What is the units digit of h(y)?
6
Let g = 351 - 95. What is the tens digit of g?
5
Let b be (-16)/(-4) - 2/1. Suppose b*t - 1 = t. What is the units digit of t?
1
Let x(q) = 16*q + 8. What is the tens digit of x(2)?
4
Suppose 0 = -4*z - 0*z - a + 14, -z + a = -6. Suppose 2 = z*t + 6. What is the units digit of (-1)/t + 3 - -1?
5
Suppose -4*l + 220 = 7*l. What is the tens digit of l?
2
Suppose 5*p = 4*d - 504, -d - d = 5*p - 222. What is the units digit of d?
1
Suppose 5*d = -4*r + 278, -52 = -0*d - d + r. What is the units digit of d?
4
Let n = 105 - 44. What is the tens digit of n?
6
Suppose 0*w + w = -2, 2*b - 2*w - 14 = 0. Suppose -2*r - k = -4*r + 22, -2*k = b*r - 46. What is the units digit of r?
0
Suppose 20 = 5*s - 60. Let k = s - 1. Suppose 3*h - k = -a, -5*a = -7*a. What is the units digit of h?
5
Suppose 4*p + 3 - 23 = 0. Suppose -3*w = -3*m + 6, -p*w = -w. Suppose -3*a = -m*a - 1. What is the units digit of a?
1
Let p(y) = y + 7. What is the units digit of p(-6)?
1
Suppose 9 = 4*s - s. Suppose -12 = -0*n + s*n. What is the 